prime factors of 231915.
3, 5, 15461
List the prime factors of 1576883.
7, 11, 20479
What are the prime factors of 1836168?
2, 3, 76507
What are the prime factors of 15721143?
3, 5240381
List the prime factors of 150175.
5, 6007
List the prime factors of 244307.
7, 17, 2053
What are the prime factors of 103201?
7, 23, 641
What are the prime factors of 4635143?
4635143
List the prime factors of 2190673.
349, 6277
What are the prime factors of 14010860?
2, 5, 109, 6427
List the prime factors of 10894604.
2, 7, 29, 13417
List the prime factors of 10428628.
2, 7, 372451
What are the prime factors of 176718?
2, 3, 29453
What are the prime factors of 2699235?
3, 5, 7, 11, 19, 41
What are the prime factors of 585112?
2, 11, 61, 109
List the prime factors of 1509998.
2, 7, 107857
List the prime factors of 318664.
2, 61, 653
What are the prime factors of 556200?
2, 3, 5, 103
What are the prime factors of 1575552?
2, 3, 11, 373
What are the prime factors of 2993662?
2, 7, 213833
List the prime factors of 10852457.
7, 11, 97, 1453
What are the prime factors of 2481470?
2, 5, 23, 10789
What are the prime factors of 429997?
79, 5443
What are the prime factors of 337681?
337681
List the prime factors of 177591.
3, 59197
What are the prime factors of 1144018?
2, 97, 5897
What are the prime factors of 41419?
7, 61, 97
List the prime factors of 3125393.
691, 4523
What are the prime factors of 10064837?
79, 127403
List the prime factors of 185220.
2, 3, 5, 7
What are the prime factors of 27640164?
2, 3, 17, 157, 863
What are the prime factors of 781457?
193, 4049
What are the prime factors of 1332503?
1332503
List the prime factors of 733195.
5, 146639
What are the prime factors of 572911?
31, 18481
List the prime factors of 1609729.
11, 61, 2399
What are the prime factors of 3505267?
3505267
List the prime factors of 417193.
7, 107, 557
What are the prime factors of 307135?
5, 19, 53, 61
List the prime factors of 501019.
501019
What are the prime factors of 297266?
2, 148633
List the prime factors of 9109757.
9109757
List the prime factors of 34690467.
3, 7, 29, 56963
List the prime factors of 63760.
2, 5, 797
List the prime factors of 274723.
274723
What are the prime factors of 413926?
2, 67, 3089
List the prime factors of 514145.
5, 102829
What are the prime factors of 3397970?
2, 5, 103, 3299
List the prime factors of 118392.
2, 3, 4933
List the prime factors of 2949253.
41, 71933
List the prime factors of 31375096.
2, 127, 30881
List the prime factors of 2994773.
1297, 2309
List the prime factors of 156481.
13, 12037
What are the prime factors of 2411522?
2, 223, 5407
List the prime factors of 334196.
2, 29, 43, 67
What are the prime factors of 1225929?
3, 408643
List the prime factors of 154102.
2, 13, 5927
What are the prime factors of 230955?
3, 5, 89, 173
List the prime factors of 5404138.
2, 2702069
List the prime factors of 83129.
97, 857
List the prime factors of 268444.
2, 11, 6101
List the prime factors of 1406288.
2, 13, 6761
What are the prime factors of 1109805?
3, 5, 241, 307
List the prime factors of 18988.
2, 47, 101
What are the prime factors of 1635374?
2, 13, 31, 2029
What are the prime factors of 99613?
23, 61, 71
What are the prime factors of 6119946?
2, 3, 7, 48571
What are the prime factors of 190432?
2, 11, 541
What are the prime factors of 65687?
65687
What are the prime factors of 903142?
2, 17, 101, 263
List the prime factors of 121397.
17, 37, 193
List the prime factors of 14732691.
3, 4910897
List the prime factors of 762258.
2, 3, 7, 18149
What are the prime factors of 84875?
5, 7, 97
What are the prime factors of 81803?
179, 457
What are the prime factors of 329140?
2, 5, 7, 2351
List the prime factors of 354121.
354121
List the prime factors of 7961265.
3, 5, 13, 31, 439
List the prime factors of 6847046.
2, 3423523
What are the prime factors of 1115254?
2, 7, 37, 2153
What are the prime factors of 5940960?
2, 3, 5, 12377
What are the prime factors of 1047233?
11, 95203
What are the prime factors of 2425499?
2425499
List the prime factors of 1474967.
13, 23, 4933
What are the prime factors of 55298?
2, 43, 643
What are the prime factors of 1056451?
11, 8731
What are the prime factors of 520763?
520763
List the prime factors of 583804.
2, 13, 103, 109
What are the prime factors of 1579307?
163, 9689
What are the prime factors of 285810?
2, 3, 5, 7, 1361
What are the prime factors of 1160197?
19, 227, 269
What are the prime factors of 3669137?
53, 107, 647
List the prime factors of 1287364.
2, 13, 19, 1303
List the prime factors of 339842.
2, 367, 463
List the prime factors of 793202.
2, 396601
What are the prime factors of 724252?
2, 181063
What are the prime factors of 3268208?
2, 23, 83, 107
List the prime factors of 439047.
3, 7, 23, 101
What are the prime factors of 1439861?
227, 6343
What are the prime factors of 11811506?
2, 7, 843679
What are the prime factors of 54763?
23, 2381
List the prime factors of 20509408.
2, 640919
List the prime factors of 24764806.
2, 11, 601, 1873
List the prime factors of 2268088.
2, 283511
List the prime factors of 14093595.
3, 5, 17, 23, 89
What are the prime factors of 521682?
2, 3, 7, 12421
List the prime factors of 31957604.
2, 7, 103, 1583
List the prime factors of 309472.
2, 19, 509
What are the prime factors of 130279?
130279
List the prime factors of 11056752.
2, 3, 7, 1567
List the prime factors of 5940964.
2, 31, 47911
List the prime factors of 978925.
5, 39157
What are the prime factors of 2444836?
2, 173, 3533
List the prime factors of 178922.
2, 137, 653
List the prime factors of 65820.
2, 3, 5, 1097
What are the prime factors of 232071?
3, 7, 43, 257
What are the prime factors of 1443446?
2, 29, 41, 607
List the prime factors of 465745.
5, 7, 1901
List the prime factors of 90722.
2, 45361
What are the prime factors of 5128771?
5128771
List the prime factors of 765824.
2, 31, 193
What are the prime factors of 21352316?
2, 5338079
What are the prime factors of 66990?
2, 3, 5, 7, 11, 29
What are the prime factors of 6524735?
5, 7, 277, 673
What are the prime factors of 2872100?
2, 5, 7, 11, 373
List the prime factors of 194152.
2, 7, 3467
What are the prime factors of 393563?
103, 3821
What are the prime factors of 395754?
2, 3, 71, 929
List the prime factors of 1163403.
3, 53, 271
List the prime factors of 31688474.
2, 29, 546353
List the prime factors of 4032269.
4032269
What are the prime factors of 5265758?
2, 23, 114473
What are the prime factors of 1548441?
3, 172049
What are the prime factors of 115116?
2, 3, 53, 181
List the prime factors of 217634.
2, 17, 37, 173
What are the prime factors of 5231001?
3, 173, 10079
List the prime factors of 33892.
2, 37, 229
What are the prime factors of 1531525?
5, 61261
What are the prime factors of 48140?
2, 5, 29, 83
What are the prime factors of 287409?
3, 95803
What are the prime factors of 832126?
2, 29, 14347
List the prime factors of 258009.
3, 17, 5059
What are the prime factors of 2717913?
3, 11, 82361
List the prime factors of 384409.
53, 7253
List the prime factors of 2282827.
43, 53089
List the prime factors of 1352092.
2, 7, 43, 1123
List the prime factors of 164938.
2, 82469
What are the prime factors of 133563?
3, 211
List the prime factors of 21361940.
2, 5, 23, 46439
List the prime factors of 306301.
306301
What are the prime factors of 96705?
3, 5, 7, 307
List the prime factors of 2575022.
2, 1287511
List the prime factors of 80744.
2, 10093
What are the prime factors of 2319?
3, 773
What are the prime factors of 241450?
2, 5, 11, 439
What are the prime factors of 5334511?
7, 13, 31, 61
What are the prime factors of 586194?
2, 3, 7, 17, 821
List the prime factors of 505857.
3, 11, 15329
What are the prime factors of 1251735?
3, 5, 83449
What are the prime factors of 26068601?
13, 2005277
List the prime factors of 169244.
2, 29, 1459
List the prime factors of 195100.
2, 5, 1951
List the prime factors of 1634669.
17, 96157
What are the prime factors of 20969404?
2, 571, 9181
List the prime factors of 21683.
21683
What are the prime factors of 310529?
47, 6607
What are the prime factors of 549066?
2, 3, 7, 17, 769
List the prime factors of 371274.
2, 3, 61879
List the prime factors of 128403.
3, 11, 1297
List the 